











{"id":60,"date":"2023-09-05T19:38:12","date_gmt":"2023-09-05T22:38:12","guid":{"rendered":"https:\/\/oculosnamedida.com.br\/site-teste\/?page_id=60"},"modified":"2026-03-12T08:59:57","modified_gmt":"2026-03-12T11:59:57","slug":"como-funciona","status":"publish","type":"page","link":"https:\/\/oculosnamedida.com.br\/provador\/como-funciona\/","title":{"rendered":"Como funciona"},"content":{"rendered":"\n<div style=\"height:35px\" aria-hidden=\"true\" class=\"wp-block-spacer\"><\/div>\n\n\n\n<p style=\"font-size:40px\"><strong>AMIGO \u00d3PTICO!<\/strong><\/p>\n\n\n\n<p style=\"font-size:28px\">Podemos aumentar as vendas?<br>Sim, podemos e muito!<\/p>\n\n\n\n<div style=\"height:25px\" aria-hidden=\"true\" class=\"wp-block-spacer\"><\/div>\n\n\n\n<p style=\"font-size:40px\"><strong>Qual o obst\u00e1culo?<\/strong><\/p>\n\n\n\n<p style=\"font-size:28px\">Os com\u00e9rcios que vendem muito pela internet, n\u00e3o dependem de Dist\u00e2ncia pupilar, Dist\u00e2ncia naso pupilar ou Altura da pel\u00edcula para montar e vender os seus produtos online, a maioria apenas com ilustra\u00e7\u00f5es em suas descri\u00e7\u00f5es em cada produto. Mas \u00f3culos dependem de medidas. E com precis\u00e3o!<\/p>\n\n\n\n<p style=\"font-size:28px\">Pois agora a \u00f3tica superou este obst\u00e1culo com o SMR (Sistema de medidas reais) integrado ao site oculosnamedida.com.br, onde voc\u00ea pode tirar a Dist\u00e2ncia pupilar, Dist\u00e2ncia naso pupilar e Altura da pel\u00edcula, inclusive para multifocal e vestir a foto do seu cliente nas medidas exatas conforme ficar\u00e3o na realidade presencial (Quando ele vestir os \u00f3culos em casa, o tamanho ser\u00e1 id\u00eantico ao da foto).<\/p>\n\n\n\n<div style=\"height:25px\" aria-hidden=\"true\" class=\"wp-block-spacer\"><\/div>\n\n\n\n<p style=\"font-size:40px\"><strong>Como provar os \u00f3culos na medida exata:<\/strong><\/p>\n\n\n\n<p style=\"font-size:28px\">1 \u2013 Escolha um modelo de \u00f3culos do site e clique em PROVAR.<br>O modelo aparecer\u00e1 sobre um diagrama de rosto (manequim).<\/p>\n\n\n\n<p style=\"font-size:28px\">2 \u2013 Para substituir o &#8220;manequim&#8221; por um rosto de teste, ou sua pr\u00f3pria foto, clique em &#8220;Minha Foto&#8221; e escolha um rosto de seu pr\u00f3prio arquivo de fotos. Clique em cima da foto.<\/p>\n\n\n\n<p style=\"font-size:28px\">3 &#8211; Sobreponha a ferramenta &#8220;MEDIDOR&#8221; por cima de uma das \u00edris da foto de teste escolhida.<\/p>\n\n\n\n<p style=\"font-size:28px\">4 \u2013 Agora, acima da foto vestida, existem os sinais (+ e -) para aumentar e diminuir a foto do rosto, at\u00e9 a \u00edris ficar do tamanho exato do \u201cMEDIDOR\u201d.<\/p>\n\n\n\n<p style=\"font-size:28px\">5 \u2013 Caso necess\u00e1rio use as setas circulares para rotacionar os \u00f3culos no rosto e para acertar a altura do modelo no rosto clique e arraste o modelo sobre o rosto.<\/p>\n\n\n\n<p style=\"font-size:28px\">6 &#8211; Para vestir outro modelo no rosto, clique em &#8220;Voltar&#8221; e escolha outro modelo.<\/p>\n\n\n\n<p style=\"font-size:28px\">7 &#8211; No caso de multifocais ou bifocais, sem aro ou com aro s\u00f3 na parte superior, existir\u00e3o duas fotos, uma com as lentes brancas (sem c\u00f4r) que ser\u00e1 ajustada e enviada para o cliente escolher.<br>E outra com as lentes escurecidas que ser\u00e3o usadas somente para o \u00f3ptico medir a Altura da Pel\u00edcula.<\/p>\n\n\n\n<p style=\"font-size:28px\">8 &#8211; Caso queira ver mais informa\u00e7\u00f5es de cada modelo, basta clicar no modelo desejado para acessar a p\u00e1gina, nela conter\u00e1 todas as informa\u00e7\u00f5es desej\u00e1veis de cada modelo.<\/p>\n\n\n\n<div style=\"height:25px\" aria-hidden=\"true\" class=\"wp-block-spacer\"><\/div>\n\n\n\n<div class=\"wp-block-columns is-layout-flex wp-container-core-columns-is-layout-9d6595d7 wp-block-columns-is-layout-flex\">\n<div class=\"wp-block-column is-layout-flow wp-block-column-is-layout-flow\" style=\"flex-basis:450px\">\n<figure class=\"wp-block-video\"><video controls poster=\"https:\/\/oculosnamedida.com.br\/provador\/wp-content\/uploads\/2026\/02\/capa-video.jpg\" preload=\"none\" src=\"https:\/\/oculosnamedida.com.br\/videos\/apresentacao-oculosnamedida-objeto.mp4\"><\/video><\/figure>\n<\/div>\n\n\n\n<div class=\"wp-block-column is-layout-flow wp-block-column-is-layout-flow\">\n<p><\/p>\n\n\n\n<p style=\"font-size:40px\"><strong>Viva a Evolu\u00e7\u00e3o!<\/strong><\/p>\n\n\n\n<p style=\"font-size:28px\">Agora a \u00f3tica pode explorar a internet como todos os tipos de com\u00e9rcio j\u00e1 o fazem. Milhares de clientes de \u00f3ticas em todas as cidades, agora poder\u00e3o usufruir desta evolu\u00e7\u00e3o.<\/p>\n\n\n\n<p style=\"font-size:28px\">Atrav\u00e9s do site: oculosnamedida.com.br<\/p>\n\n\n\n<p style=\"font-size:28px\">Voc\u00ea \u00f3tica pode contactar-nos para ganhar seu espa\u00e7o no site e\/ou adquirir o NOSSO PROVADOR em seus pr\u00f3prios sites, caso n\u00e3o tenha site pode contactar-nos tamb\u00e9m.<br>Desenvolvemos todo o projeto desde o in\u00edcio, tanto sites convencionais, quanto loja virtual, al\u00e9m de intregrar o NOSSO PROVADOR em ambas as op\u00e7\u00f5es.<\/p>\n\n\n\n<div style=\"height:44px\" aria-hidden=\"true\" class=\"wp-block-spacer\"><\/div>\n\n\n\n<p style=\"font-size:28px\">Entre em contato:<\/p>\n\n\n\n<figure class=\"wp-block-image\"><a href=\"https:\/\/wa.me\/5521979525559?text=Ol\u00e1! Quero criar minha galeria no Provador\u2026\" target=\"_blank\" rel=\"noreferrer noopener\"><img loading=\"lazy\" decoding=\"async\" width=\"250\" height=\"38\" src=\"https:\/\/oculosnamedida.com.br\/provador\/wp-content\/uploads\/2025\/07\/botao-whatsapp-verde.png\" alt=\"\" class=\"wp-image-1034\"\/><\/a><\/figure>\n\n\n\n<div style=\"height:32px\" aria-hidden=\"true\" class=\"wp-block-spacer\"><\/div>\n<\/div>\n<\/div>\n\n\n\n<div style=\"height:25px\" aria-hidden=\"true\" class=\"wp-block-spacer\"><\/div>\n\n\n\n<p style=\"font-size:28px\"><\/p>\n\n\n\n<p><\/p>\n","protected":false},"excerpt":{"rendered":"<p>AMIGO \u00d3PTICO! Podemos aumentar as vendas?Sim, podemos e muito! Qual o obst\u00e1culo? Os com\u00e9rcios que vendem muito pela internet, n\u00e3o dependem de Dist\u00e2ncia pupilar, Dist\u00e2ncia naso pupilar ou Altura da pel\u00edcula para montar e vender os seus produtos online, a&hellip;<\/p>\n","protected":false},"author":1,"featured_media":0,"parent":0,"menu_order":0,"comment_status":"closed","ping_status":"closed","template":"","meta":{"footnotes":""},"class_list":["post-60","page","type-page","status-publish","hentry"],"_links":{"self":[{"href":"https:\/\/oculosnamedida.com.br\/provador\/wp-json\/wp\/v2\/pages\/60","targetHints":{"allow":["GET"]}}],"collection":[{"href":"https:\/\/oculosnamedida.com.br\/provador\/wp-json\/wp\/v2\/pages"}],"about":[{"href":"https:\/\/oculosnamedida.com.br\/provador\/wp-json\/wp\/v2\/types\/page"}],"author":[{"embeddable":true,"href":"https:\/\/oculosnamedida.com.br\/provador\/wp-json\/wp\/v2\/users\/1"}],"replies":[{"embeddable":true,"href":"https:\/\/oculosnamedida.com.br\/provador\/wp-json\/wp\/v2\/comments?post=60"}],"version-history":[{"count":68,"href":"https:\/\/oculosnamedida.com.br\/provador\/wp-json\/wp\/v2\/pages\/60\/revisions"}],"predecessor-version":[{"id":1248,"href":"https:\/\/oculosnamedida.com.br\/provador\/wp-json\/wp\/v2\/pages\/60\/revisions\/1248"}],"wp:attachment":[{"href":"https:\/\/oculosnamedida.com.br\/provador\/wp-json\/wp\/v2\/media?parent=60"}],"curies":[{"name":"wp","href":"https:\/\/api.w.org\/{rel}","templated":true}]}}

<div style="height:35px" aria-hidden="true" class="wp-block-spacer"></div>



<p style="font-size:40px"><strong>AMIGO ÓPTICO!</strong></p>



<p style="font-size:28px">Podemos aumentar as vendas?<br>Sim, podemos e muito!</p>



<div style="height:25px" aria-hidden="true" class="wp-block-spacer"></div>



<p style="font-size:40px"><strong>Qual o obstáculo?</strong></p>



<p style="font-size:28px">Os comércios que vendem muito pela internet, não dependem de Distância pupilar, Distância naso pupilar ou Altura da película para montar e vender os seus produtos online, a maioria apenas com ilustrações em suas descrições em cada produto. Mas óculos dependem de medidas. E com precisão!</p>



<p style="font-size:28px">Pois agora a ótica superou este obstáculo com o SMR (Sistema de medidas reais) integrado ao site oculosnamedida.com.br, onde você pode tirar a Distância pupilar, Distância naso pupilar e Altura da película, inclusive para multifocal e vestir a foto do seu cliente nas medidas exatas conforme ficarão na realidade presencial (Quando ele vestir os óculos em casa, o tamanho será idêntico ao da foto).</p>



<div style="height:25px" aria-hidden="true" class="wp-block-spacer"></div>



<p style="font-size:40px"><strong>Como provar os óculos na medida exata:</strong></p>



<p style="font-size:28px">1 – Escolha um modelo de óculos do site e clique em PROVAR.<br>O modelo aparecerá sobre um diagrama de rosto (manequim).</p>



<p style="font-size:28px">2 – Para substituir o &#8220;manequim&#8221; por um rosto de teste, ou sua própria foto, clique em &#8220;Minha Foto&#8221; e escolha um rosto de seu próprio arquivo de fotos. Clique em cima da foto.</p>



<p style="font-size:28px">3 &#8211; Sobreponha a ferramenta &#8220;MEDIDOR&#8221; por cima de uma das íris da foto de teste escolhida.</p>



<p style="font-size:28px">4 – Agora, acima da foto vestida, existem os sinais (+ e -) para aumentar e diminuir a foto do rosto, até a íris ficar do tamanho exato do “MEDIDOR”.</p>



<p style="font-size:28px">5 – Caso necessário use as setas circulares para rotacionar os óculos no rosto e para acertar a altura do modelo no rosto clique e arraste o modelo sobre o rosto.</p>



<p style="font-size:28px">6 &#8211; Para vestir outro modelo no rosto, clique em &#8220;Voltar&#8221; e escolha outro modelo.</p>



<p style="font-size:28px">7 &#8211; No caso de multifocais ou bifocais, sem aro ou com aro só na parte superior, existirão duas fotos, uma com as lentes brancas (sem côr) que será ajustada e enviada para o cliente escolher.<br>E outra com as lentes escurecidas que serão usadas somente para o óptico medir a Altura da Película.</p>



<p style="font-size:28px">8 &#8211; Caso queira ver mais informações de cada modelo, basta clicar no modelo desejado para acessar a página, nela conterá todas as informações desejáveis de cada modelo.</p>



<div style="height:25px" aria-hidden="true" class="wp-block-spacer"></div>



<div class="wp-block-columns is-layout-flex wp-container-core-columns-is-layout-9d6595d7 wp-block-columns-is-layout-flex">
<div class="wp-block-column is-layout-flow wp-block-column-is-layout-flow" style="flex-basis:450px">
<figure class="wp-block-video"><video controls poster="https://oculosnamedida.com.br/provador/wp-content/uploads/2026/02/capa-video.jpg" preload="none" src="https://oculosnamedida.com.br/videos/apresentacao-oculosnamedida-objeto.mp4"></video></figure>
</div>



<div class="wp-block-column is-layout-flow wp-block-column-is-layout-flow">
<p></p>



<p style="font-size:40px"><strong>Viva a Evolução!</strong></p>



<p style="font-size:28px">Agora a ótica pode explorar a internet como todos os tipos de comércio já o fazem. Milhares de clientes de óticas em todas as cidades, agora poderão usufruir desta evolução.</p>



<p style="font-size:28px">Através do site: oculosnamedida.com.br</p>



<p style="font-size:28px">Você ótica pode contactar-nos para ganhar seu espaço no site e/ou adquirir o NOSSO PROVADOR em seus próprios sites, caso não tenha site pode contactar-nos também.<br>Desenvolvemos todo o projeto desde o início, tanto sites convencionais, quanto loja virtual, além de intregrar o NOSSO PROVADOR em ambas as opções.</p>



<div style="height:44px" aria-hidden="true" class="wp-block-spacer"></div>



<p style="font-size:28px">Entre em contato:</p>



<figure class="wp-block-image"><a href="https://wa.me/5521979525559?text=Olá! Quero criar minha galeria no Provador…" target="_blank" rel="noreferrer noopener"><img loading="lazy" decoding="async" width="250" height="38" src="https://oculosnamedida.com.br/provador/wp-content/uploads/2025/07/botao-whatsapp-verde.png" alt="" class="wp-image-1034"/></a></figure>



<div style="height:32px" aria-hidden="true" class="wp-block-spacer"></div>
</div>
</div>



<div style="height:25px" aria-hidden="true" class="wp-block-spacer"></div>



<p style="font-size:28px"></p>



<p></p>

<p>AMIGO ÓPTICO! Podemos aumentar as vendas?Sim, podemos e muito! Qual o obstáculo? Os comércios que vendem muito pela internet, não dependem de Distância pupilar, Distância naso pupilar ou Altura da película para montar e vender os seus produtos online, a&hellip;</p>
